{"id":4223,"date":"2024-06-05T16:56:22","date_gmt":"2024-06-05T16:56:22","guid":{"rendered":"https:\/\/doitall.com.mx\/?post_type=product&#038;p=4223"},"modified":"2024-06-05T16:56:35","modified_gmt":"2024-06-05T16:56:35","slug":"xcaret-2","status":"publish","type":"product","link":"https:\/\/doitall.com.mx\/index.php\/product\/xcaret-2\/","title":{"rendered":"XCARET"},"content":{"rendered":"<p><strong>XCARET<\/strong><br \/>\nDiversi\u00f3n, naturaleza y cultura para toda la familia Xcaret es un parque natural con m\u00e1s de 50 atractivos para todas las edades, perfecto para ir con toda la familia.<\/p>\n<p>Aqu\u00ed puedes nadar en r\u00edos subterr\u00e1neos, pasear por senderos en medio de la jungla y recorrer cuevas misteriosas. Descubre nuevos colores en el Mariposario y los misterios del fondo marino en el Acuario de Arrecife de Coral. Admira de cerca venados, jaguares, flamingos y aves ex\u00f3ticas.<\/p>\n<p>En Xcaret M\u00e9xico hay diversos atractivos para visitar, como los vestigios mayas, el Museo de Arte Popular Mexicano, una cl\u00e1sica hacienda henequenera y la capilla de Guadalupe.<\/p>\n<p>Adem\u00e1s disfruta de la cultura mexicana con las danzas prehisp\u00e1nicas, la charrer\u00eda y la magn\u00edfica presentaci\u00f3n de Xcaret M\u00e9xico Espectacular, con m\u00e1s de 300 artistas en escena.<\/p>\n<p>En Xcaret Riviera Maya hay una amplia variedad de restaurantes para elegir. Y para tu mayor comodidad, tenemos \u00e1reas de descanso, vestidores, duchas y sanitarios, ubicados en distintas \u00e1reas del parque.<\/p>\n<p>\u00a1Ven a Xcaret y vive con tu familia la experiencia m\u00e1s inolvidable de sus vacaciones!<br \/>\nhttps:\/\/www.instagram.com\/doitall.tours.travel<\/p>\n","protected":false},"excerpt":{"rendered":"<p><strong>XCARET<\/strong><br \/>\nDiversi\u00f3n, naturaleza y cultura para toda la familia Xcaret es un parque natural con m\u00e1s de 50 atractivos para todas las edades, perfecto para ir con toda la familia.<\/p>\n<p>Aqu\u00ed puedes nadar en r\u00edos subterr\u00e1neos, pasear por senderos en medio de la jungla y recorrer cuevas misteriosas. Descubre nuevos colores en el Mariposario y los misterios del fondo marino en el Acuario de Arrecife de Coral. Admira de cerca venados, jaguares, flamingos y aves ex\u00f3ticas.<\/p>\n<p>En Xcaret M\u00e9xico hay diversos atractivos para visitar, como los vestigios mayas, el Museo de Arte Popular Mexicano, una cl\u00e1sica hacienda henequenera y la capilla de Guadalupe.<\/p>\n","protected":false},"featured_media":4224,"comment_status":"open","ping_status":"closed","template":"","meta":{"_eb_attr":"","site-sidebar-layout":"default","site-content-layout":"","ast-site-content-layout":"default","site-content-style":"default","site-sidebar-style":"default","ast-global-header-display":"","ast-banner-title-visibility":"","ast-main-header-display":"","ast-hfb-above-header-display":"","ast-hfb-below-header-display":"","ast-hfb-mobile-header-display":"","site-post-title":"","ast-breadcrumbs-content":"","ast-featured-img":"","footer-sml-layout":"","ast-disable-related-posts":"","theme-transparent-header-meta":"default","adv-header-id-meta":"","stick-header-meta":"","header-above-stick-meta":"","header-main-stick-meta":"","header-below-stick-meta":"","astra-migrate-meta-layouts":"set","ast-page-background-enabled":"default","ast-page-background-meta":{"desktop":{"background-color":"var(--ast-global-color-4)","background-image":"","background-repeat":"repeat","background-position":"center center","background-size":"auto","background-attachment":"scroll","background-type":"","background-media":"","overlay-type":"","overlay-color":"","overlay-opacity":"","overlay-gradient":""},"tablet":{"background-color":"","background-image":"","background-repeat":"repeat","background-position":"center center","background-size":"auto","background-attachment":"scroll","background-type":"","background-media":"","overlay-type":"","overlay-color":"","overlay-opacity":"","overlay-gradient":""},"mobile":{"background-color":"","background-image":"","background-repeat":"repeat","background-position":"center center","background-size":"auto","background-attachment":"scroll","background-type":"","background-media":"","overlay-type":"","overlay-color":"","overlay-opacity":"","overlay-gradient":""}},"ast-content-background-meta":{"desktop":{"background-color":"var(--ast-global-color-5)","background-image":"","background-repeat":"repeat","background-position":"center center","background-size":"auto","background-attachment":"scroll","background-type":"","background-media":"","overlay-type":"","overlay-color":"","overlay-opacity":"","overlay-gradient":""},"tablet":{"background-color":"var(--ast-global-color-5)","background-image":"","background-repeat":"repeat","background-position":"center center","background-size":"auto","background-attachment":"scroll","background-type":"","background-media":"","overlay-type":"","overlay-color":"","overlay-opacity":"","overlay-gradient":""},"mobile":{"background-color":"var(--ast-global-color-5)","background-image":"","background-repeat":"repeat","background-position":"center center","background-size":"auto","background-attachment":"scroll","background-type":"","background-media":"","overlay-type":"","overlay-color":"","overlay-opacity":"","overlay-gradient":""}}},"product_brand":[],"product_cat":[31],"product_tag":[],"class_list":{"0":"post-4223","1":"product","2":"type-product","3":"status-publish","4":"has-post-thumbnail","6":"product_cat-acuatic-parks","7":"desktop-align-left","8":"tablet-align-left","9":"mobile-align-left","11":"first","12":"instock","13":"shipping-taxable","14":"product-type-simple"},"_links":{"self":[{"href":"https:\/\/doitall.com.mx\/index.php\/wp-json\/wp\/v2\/product\/4223","targetHints":{"allow":["GET"]}}],"collection":[{"href":"https:\/\/doitall.com.mx\/index.php\/wp-json\/wp\/v2\/product"}],"about":[{"href":"https:\/\/doitall.com.mx\/index.php\/wp-json\/wp\/v2\/types\/product"}],"replies":[{"embeddable":true,"href":"https:\/\/doitall.com.mx\/index.php\/wp-json\/wp\/v2\/comments?post=4223"}],"wp:featuredmedia":[{"embeddable":true,"href":"https:\/\/doitall.com.mx\/index.php\/wp-json\/wp\/v2\/media\/4224"}],"wp:attachment":[{"href":"https:\/\/doitall.com.mx\/index.php\/wp-json\/wp\/v2\/media?parent=4223"}],"wp:term":[{"taxonomy":"product_brand","embeddable":true,"href":"https:\/\/doitall.com.mx\/index.php\/wp-json\/wp\/v2\/product_brand?post=4223"},{"taxonomy":"product_cat","embeddable":true,"href":"https:\/\/doitall.com.mx\/index.php\/wp-json\/wp\/v2\/product_cat?post=4223"},{"taxonomy":"product_tag","embeddable":true,"href":"https:\/\/doitall.com.mx\/index.php\/wp-json\/wp\/v2\/product_tag?post=4223"}],"curies":[{"name":"wp","href":"https:\/\/api.w.org\/{rel}","templated":true}]}}