{"id":4111,"date":"2024-06-04T14:44:25","date_gmt":"2024-06-04T14:44:25","guid":{"rendered":"https:\/\/doitall.com.mx\/?post_type=product&#038;p=4111"},"modified":"2024-06-04T14:44:39","modified_gmt":"2024-06-04T14:44:39","slug":"jungle-tour-2","status":"publish","type":"product","link":"https:\/\/doitall.com.mx\/index.php\/product\/jungle-tour-2\/","title":{"rendered":"Jungle Tour"},"content":{"rendered":"<p><em><strong>Jungle Tour<\/strong><\/em><br \/>\nDisfruta manejando esta embarcaci\u00f3n dise\u00f1ada especialmente para dos personas, a lo largo de la Laguna Nichupte y a trav\u00e9s de densos canales de manglar, entrar a la segunda barrera de arrecife mas grande del mundo y disfrutar un refrescante paseo de snorkel.<\/p>\n<p>*Tipo de Embarcaci\u00f3n:*<br \/>\nSpeed Boat con motor fuera de borda, volante, palanca de transmisi\u00f3n autom\u00e1tica. Cuenta con compartimiento para guardar el equipo de snorkel.<\/p>\n<p>Cada embarcaci\u00f3n es para dos personas.<\/p>\n<p>*Incluye:*<br \/>\n\u25aa Vestidores y casilleros<br \/>\n\u25aa Un Speed Boat para dos pax<br \/>\n\u25aa Un gu\u00eda por cada 10 pax (5 maquinas)<br \/>\n\u25aa Equipo de snorkel completo con tubo<br \/>\nnuevo de regalo<br \/>\n\u25aa Agua embotellada<\/p>\n<p>*Duraci\u00f3n: 2 hrs*<\/p>\n<p>*Contactanos para m\u00e1s informaci\u00f3n*<br \/>\n*O Reservar est\u00e1 experiencia*<\/p>\n","protected":false},"excerpt":{"rendered":"<p><em><strong>Jungle Tour<\/strong><\/em><br \/>\nDisfruta manejando esta embarcaci\u00f3n dise\u00f1ada especialmente para dos personas, a lo largo de la Laguna Nichupte y a trav\u00e9s de densos canales de manglar, entrar a la segunda barrera de arrecife mas grande del mundo y disfrutar un refrescante paseo de snorkel.<\/p>\n<p>*Tipo de Embarcaci\u00f3n:*<br \/>\nSpeed Boat con motor fuera de borda, volante, palanca de transmisi\u00f3n autom\u00e1tica. Cuenta con compartimiento para guardar el equipo de snorkel.<\/p>\n<p>Cada embarcaci\u00f3n es para dos personas.<\/p>\n","protected":false},"featured_media":4112,"comment_status":"open","ping_status":"closed","template":"","meta":{"_eb_attr":"","site-sidebar-layout":"default","site-content-layout":"","ast-site-content-layout":"default","site-content-style":"default","site-sidebar-style":"default","ast-global-header-display":"","ast-banner-title-visibility":"","ast-main-header-display":"","ast-hfb-above-header-display":"","ast-hfb-below-header-display":"","ast-hfb-mobile-header-display":"","site-post-title":"","ast-breadcrumbs-content":"","ast-featured-img":"","footer-sml-layout":"","ast-disable-related-posts":"","theme-transparent-header-meta":"default","adv-header-id-meta":"","stick-header-meta":"","header-above-stick-meta":"","header-main-stick-meta":"","header-below-stick-meta":"","astra-migrate-meta-layouts":"set","ast-page-background-enabled":"default","ast-page-background-meta":{"desktop":{"background-color":"var(--ast-global-color-4)","background-image":"","background-repeat":"repeat","background-position":"center center","background-size":"auto","background-attachment":"scroll","background-type":"","background-media":"","overlay-type":"","overlay-color":"","overlay-opacity":"","overlay-gradient":""},"tablet":{"background-color":"","background-image":"","background-repeat":"repeat","background-position":"center center","background-size":"auto","background-attachment":"scroll","background-type":"","background-media":"","overlay-type":"","overlay-color":"","overlay-opacity":"","overlay-gradient":""},"mobile":{"background-color":"","background-image":"","background-repeat":"repeat","background-position":"center center","background-size":"auto","background-attachment":"scroll","background-type":"","background-media":"","overlay-type":"","overlay-color":"","overlay-opacity":"","overlay-gradient":""}},"ast-content-background-meta":{"desktop":{"background-color":"var(--ast-global-color-5)","background-image":"","background-repeat":"repeat","background-position":"center center","background-size":"auto","background-attachment":"scroll","background-type":"","background-media":"","overlay-type":"","overlay-color":"","overlay-opacity":"","overlay-gradient":""},"tablet":{"background-color":"var(--ast-global-color-5)","background-image":"","background-repeat":"repeat","background-position":"center center","background-size":"auto","background-attachment":"scroll","background-type":"","background-media":"","overlay-type":"","overlay-color":"","overlay-opacity":"","overlay-gradient":""},"mobile":{"background-color":"var(--ast-global-color-5)","background-image":"","background-repeat":"repeat","background-position":"center center","background-size":"auto","background-attachment":"scroll","background-type":"","background-media":"","overlay-type":"","overlay-color":"","overlay-opacity":"","overlay-gradient":""}}},"product_brand":[],"product_cat":[18],"product_tag":[],"class_list":{"0":"post-4111","1":"product","2":"type-product","3":"status-publish","4":"has-post-thumbnail","6":"product_cat-aqwuatics","7":"desktop-align-left","8":"tablet-align-left","9":"mobile-align-left","11":"first","12":"instock","13":"shipping-taxable","14":"product-type-simple"},"_links":{"self":[{"href":"https:\/\/doitall.com.mx\/index.php\/wp-json\/wp\/v2\/product\/4111","targetHints":{"allow":["GET"]}}],"collection":[{"href":"https:\/\/doitall.com.mx\/index.php\/wp-json\/wp\/v2\/product"}],"about":[{"href":"https:\/\/doitall.com.mx\/index.php\/wp-json\/wp\/v2\/types\/product"}],"replies":[{"embeddable":true,"href":"https:\/\/doitall.com.mx\/index.php\/wp-json\/wp\/v2\/comments?post=4111"}],"wp:featuredmedia":[{"embeddable":true,"href":"https:\/\/doitall.com.mx\/index.php\/wp-json\/wp\/v2\/media\/4112"}],"wp:attachment":[{"href":"https:\/\/doitall.com.mx\/index.php\/wp-json\/wp\/v2\/media?parent=4111"}],"wp:term":[{"taxonomy":"product_brand","embeddable":true,"href":"https:\/\/doitall.com.mx\/index.php\/wp-json\/wp\/v2\/product_brand?post=4111"},{"taxonomy":"product_cat","embeddable":true,"href":"https:\/\/doitall.com.mx\/index.php\/wp-json\/wp\/v2\/product_cat?post=4111"},{"taxonomy":"product_tag","embeddable":true,"href":"https:\/\/doitall.com.mx\/index.php\/wp-json\/wp\/v2\/product_tag?post=4111"}],"curies":[{"name":"wp","href":"https:\/\/api.w.org\/{rel}","templated":true}]}}