{"id":4038,"date":"2024-06-03T15:43:50","date_gmt":"2024-06-03T15:43:50","guid":{"rendered":"https:\/\/doitall.com.mx\/?post_type=product&#038;p=4038"},"modified":"2024-06-03T15:44:34","modified_gmt":"2024-06-03T15:44:34","slug":"luchatitlan","status":"publish","type":"product","link":"https:\/\/doitall.com.mx\/index.php\/product\/luchatitlan\/","title":{"rendered":"Luchatitlan"},"content":{"rendered":"<p><em><strong>Luchatitlan<\/strong><\/em><br \/>\n<em><strong>*EL MEJOR SHOW DE LUCHA LIBRE EN CANC\u00daN*<\/strong><\/em><\/p>\n<p>\u00a1Bienvenidos a Luchatitl\u00e1n! \u00a1La espectacular ciudad de lucha libre se combina con la vida nocturna de Canc\u00fan, donde la cultura mexicana cobra vida en el ring! Este para\u00edso cuenta con un Barrio \u00fanico en su tipo donde podr\u00e1s degustar una gran variedad de bocadillos mexicanos, conocer todo tipo de cuates divertidos y presenciar el campeonato de lucha libre *\u00abMonarca del Ring\u00bb*<\/p>\n<p>\u00a1Pero eso no es todo! Este mundialmente famoso espect\u00e1culo no se trata s\u00f3lo de lucha libre, tambi\u00e9n se trata de celebrar la vibrante cultura mexicana con m\u00fasica en vivo y una experiencia culinaria como ninguna otra con un fest\u00edn completo de antojitos que desfilan alrededor de su mesa durante m\u00e1s de 60 minutos.<\/p>\n<p>*CAMPEONATO DE LUCHA LIBRE*<br \/>\nEspect\u00e1culo \u00fanico en su tipo lleno de emoci\u00f3n y drama de lucha libre con electrizantes peleas, 14 luchadores asombrosos con coloridas m\u00e1scaras y disfraces, cada uno representando su personalidad y estilo \u00fanicos en el ring, y el evento principal de la noche, el partido de campeonato \u00bfQui\u00e9n se llevar\u00e1 el cintur\u00f3n del Monarca a casa?<\/p>\n<p>Luchatitl\u00e1n es entretenimiento y diversi\u00f3n para toda la familia, ya seas un fan\u00e1tico de hueso colorado o nuevo en el deporte, \u00a1no esperes m\u00e1s y asegura tu lugar en el evento del a\u00f1o!<\/p>\n<p>&nbsp;<\/p>\n<p>*EXPERIENCIAS*<\/p>\n<p>*Show VIP + Mejores Asientos + Cena*<br \/>\nBebida de bienvenida, buffet mexicano servido a la mesa, con bebidas no alcoh\u00f3licas ilimitadas y un espect\u00e1culo de lucha libre de 90 minutos en asientos premium. ( Ring side)<\/p>\n<p>*Espect\u00e1culo + Cena*<br \/>\nBuffet mexicano servido a la mesa, con bebidas no alcoh\u00f3licas ilimitadas y un espect\u00e1culo de lucha libre de 90 minutos en asientos preferenciales. ( Palco)<\/p>\n<p>*90 Minutos De Espect\u00e1culo*<br \/>\n90 minutos de espect\u00e1culo. Con opci\u00f3n a compra de alimentos y bebidas. (Asientos generales)<\/p>\n<p>*Solo Cena*<br \/>\nCena en el pueblo al estilo El Barrio, donde m\u00faltiples carritos de comida pasar\u00e1n por tu mesa ofreciendo lo mejor de M\u00e9xico. ( El barrio, fun, food &amp; fiesta)<\/p>\n<p>*Contactanos para m\u00e1s informaci\u00f3n o Reservar est\u00e1 experiencia*<\/p>\n","protected":false},"excerpt":{"rendered":"<p><em><strong>Luchatitlan<\/strong><\/em><br \/>\n<em><strong>*EL MEJOR SHOW DE LUCHA LIBRE EN CANC\u00daN*<\/strong><\/em><\/p>\n<p>\u00a1Bienvenidos a Luchatitl\u00e1n! \u00a1La espectacular ciudad de lucha libre se combina con la vida nocturna de Canc\u00fan, donde la cultura mexicana cobra vida en el ring! Este para\u00edso cuenta con un Barrio \u00fanico en su tipo donde podr\u00e1s degustar una gran variedad de bocadillos mexicanos, conocer todo tipo de cuates divertidos y presenciar el campeonato de lucha libre *\u00abMonarca del Ring\u00bb*<\/p>\n<p>\u00a1Pero eso no es todo! Este mundialmente famoso espect\u00e1culo no se trata s\u00f3lo de lucha libre, tambi\u00e9n se trata de celebrar la vibrante cultura mexicana con m\u00fasica en vivo y una experiencia culinaria como ninguna otra con un fest\u00edn completo de antojitos que desfilan alrededor de su mesa durante m\u00e1s de 60 minutos.<\/p>\n","protected":false},"featured_media":4039,"comment_status":"open","ping_status":"closed","template":"","meta":{"_eb_attr":"","site-sidebar-layout":"default","site-content-layout":"","ast-site-content-layout":"default","site-content-style":"default","site-sidebar-style":"default","ast-global-header-display":"","ast-banner-title-visibility":"","ast-main-header-display":"","ast-hfb-above-header-display":"","ast-hfb-below-header-display":"","ast-hfb-mobile-header-display":"","site-post-title":"","ast-breadcrumbs-content":"","ast-featured-img":"","footer-sml-layout":"","ast-disable-related-posts":"","theme-transparent-header-meta":"default","adv-header-id-meta":"","stick-header-meta":"","header-above-stick-meta":"","header-main-stick-meta":"","header-below-stick-meta":"","astra-migrate-meta-layouts":"set","ast-page-background-enabled":"default","ast-page-background-meta":{"desktop":{"background-color":"var(--ast-global-color-4)","background-image":"","background-repeat":"repeat","background-position":"center center","background-size":"auto","background-attachment":"scroll","background-type":"","background-media":"","overlay-type":"","overlay-color":"","overlay-opacity":"","overlay-gradient":""},"tablet":{"background-color":"","background-image":"","background-repeat":"repeat","background-position":"center center","background-size":"auto","background-attachment":"scroll","background-type":"","background-media":"","overlay-type":"","overlay-color":"","overlay-opacity":"","overlay-gradient":""},"mobile":{"background-color":"","background-image":"","background-repeat":"repeat","background-position":"center center","background-size":"auto","background-attachment":"scroll","background-type":"","background-media":"","overlay-type":"","overlay-color":"","overlay-opacity":"","overlay-gradient":""}},"ast-content-background-meta":{"desktop":{"background-color":"var(--ast-global-color-5)","background-image":"","background-repeat":"repeat","background-position":"center center","background-size":"auto","background-attachment":"scroll","background-type":"","background-media":"","overlay-type":"","overlay-color":"","overlay-opacity":"","overlay-gradient":""},"tablet":{"background-color":"var(--ast-global-color-5)","background-image":"","background-repeat":"repeat","background-position":"center center","background-size":"auto","background-attachment":"scroll","background-type":"","background-media":"","overlay-type":"","overlay-color":"","overlay-opacity":"","overlay-gradient":""},"mobile":{"background-color":"var(--ast-global-color-5)","background-image":"","background-repeat":"repeat","background-position":"center center","background-size":"auto","background-attachment":"scroll","background-type":"","background-media":"","overlay-type":"","overlay-color":"","overlay-opacity":"","overlay-gradient":""}}},"product_brand":[],"product_cat":[15],"product_tag":[],"class_list":{"0":"post-4038","1":"product","2":"type-product","3":"status-publish","4":"has-post-thumbnail","6":"product_cat-uncategorized","7":"desktop-align-left","8":"tablet-align-left","9":"mobile-align-left","11":"first","12":"instock","13":"shipping-taxable","14":"product-type-simple"},"_links":{"self":[{"href":"https:\/\/doitall.com.mx\/index.php\/wp-json\/wp\/v2\/product\/4038","targetHints":{"allow":["GET"]}}],"collection":[{"href":"https:\/\/doitall.com.mx\/index.php\/wp-json\/wp\/v2\/product"}],"about":[{"href":"https:\/\/doitall.com.mx\/index.php\/wp-json\/wp\/v2\/types\/product"}],"replies":[{"embeddable":true,"href":"https:\/\/doitall.com.mx\/index.php\/wp-json\/wp\/v2\/comments?post=4038"}],"wp:featuredmedia":[{"embeddable":true,"href":"https:\/\/doitall.com.mx\/index.php\/wp-json\/wp\/v2\/media\/4039"}],"wp:attachment":[{"href":"https:\/\/doitall.com.mx\/index.php\/wp-json\/wp\/v2\/media?parent=4038"}],"wp:term":[{"taxonomy":"product_brand","embeddable":true,"href":"https:\/\/doitall.com.mx\/index.php\/wp-json\/wp\/v2\/product_brand?post=4038"},{"taxonomy":"product_cat","embeddable":true,"href":"https:\/\/doitall.com.mx\/index.php\/wp-json\/wp\/v2\/product_cat?post=4038"},{"taxonomy":"product_tag","embeddable":true,"href":"https:\/\/doitall.com.mx\/index.php\/wp-json\/wp\/v2\/product_tag?post=4038"}],"curies":[{"name":"wp","href":"https:\/\/api.w.org\/{rel}","templated":true}]}}