{"id":3978,"date":"2024-06-01T16:53:01","date_gmt":"2024-06-01T16:53:01","guid":{"rendered":"https:\/\/doitall.com.mx\/?post_type=product&#038;p=3978"},"modified":"2024-06-01T16:53:16","modified_gmt":"2024-06-01T16:53:16","slug":"rio-secreto-tulum","status":"publish","type":"product","link":"https:\/\/doitall.com.mx\/index.php\/product\/rio-secreto-tulum\/","title":{"rendered":"R\u00edo Secreto + Tulum"},"content":{"rendered":"<p><strong>R\u00edo Secreto + Tulum<\/strong><br \/>\n*ESPA\u00d1OL*<br \/>\nTendr\u00e1s una visita guiada en Tulum, la zona arqueol\u00f3gica m\u00e1s bella de todas en M\u00e9xico: Es peque\u00f1a pero exquisitamente ubicada en un acantilado a varios metros sobre las aguas turquesa del Mar Caribe. Admira la antigua ciudad y deja que tu imaginaci\u00f3n viaje. Posteriormente visita R\u00edo Secreto Reserva Natural, un viaje sin igual a Xibalb\u00e1 (el inframundo maya), camina por sus cuevas y nada en r\u00edos subterr\u00e1neos completamente naturales, admira las formaciones que relatan la historia geol\u00f3gica de la Tierra. Es, sin duda, una experiencia transformadora de vida.<\/p>\n<p>*Incluye:* Servicio de transportaci\u00f3n con A\/A. Entrada al sitio arqueol\u00f3gico Tulum. Tiempo libre (60 mins). Refrigerio. Gu\u00eda especializado. Sombrilla. Entrada a la Reserva Natural R\u00edo Secreto. Traje de neopreno y chaleco salvavidas. Lockers. Toallas. Casco con l\u00e1mpara. Alimentos y bebidas.<\/p>\n<p>*Duraci\u00f3n:* Aprox. 8 horas.<\/p>\n<p>&nbsp;<\/p>\n<p>*ENGLISH*<br \/>\nYou will have a guided tour in Tulum, the most beautiful archaeological site of all Mexico: lt&#8217;s small but beautiful. Tulum Is located on a cliff at several meters above the turquoise waters of the Caribbean Sea. Admire the ancient city and let your imagination travel. Afterwards, visit R\u00edo Secreto Natural Reserve, a unique trip to the Xibalb\u00e1 (the Mayan underworld), walk through caves and swim in A completely natural underground rivers, admiring the formations that tell the geological history of our planet. It is, without a doubt, a life transforming experience.<\/p>\n<p>*Included:* Transportation service with A\/C, Entrance to archaeological site Tulum, Free time (60 mins), Refreshment, Specialized guide, Umbrella, Entrance to the Rio Secreto Nature Reserve, Wetsuit and life jacket, Lockers, Towels, Helmet with lamp, Food and drinks.<\/p>\n<p>*Duration:* 8 hrs approx<br \/>\nhttps:\/\/www.instagram.com\/doitall.tours.travel<\/p>\n","protected":false},"excerpt":{"rendered":"<p><strong>R\u00edo Secreto + Tulum<\/strong><br \/>\n*ESPA\u00d1OL*<br \/>\nTendr\u00e1s una visita guiada en Tulum, la zona arqueol\u00f3gica m\u00e1s bella de todas en M\u00e9xico: Es peque\u00f1a pero exquisitamente ubicada en un acantilado a varios metros sobre las aguas turquesa del Mar Caribe. Admira la antigua ciudad y deja que tu imaginaci\u00f3n viaje. Posteriormente visita R\u00edo Secreto Reserva Natural, un viaje sin igual a Xibalb\u00e1 (el inframundo maya), camina por sus cuevas y nada en r\u00edos subterr\u00e1neos completamente naturales, admira las formaciones que relatan la historia geol\u00f3gica de la Tierra. Es, sin duda, una experiencia transformadora de vida.<\/p>\n<p>*Incluye:* Servicio de transportaci\u00f3n con A\/A. Entrada al sitio arqueol\u00f3gico Tulum. Tiempo libre (60 mins). Refrigerio. Gu\u00eda especializado. Sombrilla. Entrada a la Reserva Natural R\u00edo Secreto. Traje de neopreno y chaleco salvavidas. Lockers. Toallas. Casco con l\u00e1mpara. Alimentos y bebidas.<\/p>\n<p>*Duraci\u00f3n:* Aprox. 8 horas.<\/p>\n<p>&nbsp;<\/p>\n","protected":false},"featured_media":3979,"comment_status":"open","ping_status":"closed","template":"","meta":{"_eb_attr":"","site-sidebar-layout":"default","site-content-layout":"","ast-site-content-layout":"default","site-content-style":"default","site-sidebar-style":"default","ast-global-header-display":"","ast-banner-title-visibility":"","ast-main-header-display":"","ast-hfb-above-header-display":"","ast-hfb-below-header-display":"","ast-hfb-mobile-header-display":"","site-post-title":"","ast-breadcrumbs-content":"","ast-featured-img":"","footer-sml-layout":"","ast-disable-related-posts":"","theme-transparent-header-meta":"default","adv-header-id-meta":"","stick-header-meta":"","header-above-stick-meta":"","header-main-stick-meta":"","header-below-stick-meta":"","astra-migrate-meta-layouts":"set","ast-page-background-enabled":"default","ast-page-background-meta":{"desktop":{"background-color":"var(--ast-global-color-4)","background-image":"","background-repeat":"repeat","background-position":"center center","background-size":"auto","background-attachment":"scroll","background-type":"","background-media":"","overlay-type":"","overlay-color":"","overlay-opacity":"","overlay-gradient":""},"tablet":{"background-color":"","background-image":"","background-repeat":"repeat","background-position":"center center","background-size":"auto","background-attachment":"scroll","background-type":"","background-media":"","overlay-type":"","overlay-color":"","overlay-opacity":"","overlay-gradient":""},"mobile":{"background-color":"","background-image":"","background-repeat":"repeat","background-position":"center center","background-size":"auto","background-attachment":"scroll","background-type":"","background-media":"","overlay-type":"","overlay-color":"","overlay-opacity":"","overlay-gradient":""}},"ast-content-background-meta":{"desktop":{"background-color":"var(--ast-global-color-5)","background-image":"","background-repeat":"repeat","background-position":"center center","background-size":"auto","background-attachment":"scroll","background-type":"","background-media":"","overlay-type":"","overlay-color":"","overlay-opacity":"","overlay-gradient":""},"tablet":{"background-color":"var(--ast-global-color-5)","background-image":"","background-repeat":"repeat","background-position":"center center","background-size":"auto","background-attachment":"scroll","background-type":"","background-media":"","overlay-type":"","overlay-color":"","overlay-opacity":"","overlay-gradient":""},"mobile":{"background-color":"var(--ast-global-color-5)","background-image":"","background-repeat":"repeat","background-position":"center center","background-size":"auto","background-attachment":"scroll","background-type":"","background-media":"","overlay-type":"","overlay-color":"","overlay-opacity":"","overlay-gradient":""}}},"product_brand":[],"product_cat":[18],"product_tag":[],"class_list":{"0":"post-3978","1":"product","2":"type-product","3":"status-publish","4":"has-post-thumbnail","6":"product_cat-aqwuatics","7":"desktop-align-left","8":"tablet-align-left","9":"mobile-align-left","11":"first","12":"instock","13":"shipping-taxable","14":"product-type-simple"},"_links":{"self":[{"href":"https:\/\/doitall.com.mx\/index.php\/wp-json\/wp\/v2\/product\/3978","targetHints":{"allow":["GET"]}}],"collection":[{"href":"https:\/\/doitall.com.mx\/index.php\/wp-json\/wp\/v2\/product"}],"about":[{"href":"https:\/\/doitall.com.mx\/index.php\/wp-json\/wp\/v2\/types\/product"}],"replies":[{"embeddable":true,"href":"https:\/\/doitall.com.mx\/index.php\/wp-json\/wp\/v2\/comments?post=3978"}],"wp:featuredmedia":[{"embeddable":true,"href":"https:\/\/doitall.com.mx\/index.php\/wp-json\/wp\/v2\/media\/3979"}],"wp:attachment":[{"href":"https:\/\/doitall.com.mx\/index.php\/wp-json\/wp\/v2\/media?parent=3978"}],"wp:term":[{"taxonomy":"product_brand","embeddable":true,"href":"https:\/\/doitall.com.mx\/index.php\/wp-json\/wp\/v2\/product_brand?post=3978"},{"taxonomy":"product_cat","embeddable":true,"href":"https:\/\/doitall.com.mx\/index.php\/wp-json\/wp\/v2\/product_cat?post=3978"},{"taxonomy":"product_tag","embeddable":true,"href":"https:\/\/doitall.com.mx\/index.php\/wp-json\/wp\/v2\/product_tag?post=3978"}],"curies":[{"name":"wp","href":"https:\/\/api.w.org\/{rel}","templated":true}]}}