{"id":3896,"date":"2024-05-30T20:52:08","date_gmt":"2024-05-30T20:52:08","guid":{"rendered":"https:\/\/doitall.com.mx\/?post_type=product&#038;p=3896"},"modified":"2024-05-30T20:52:22","modified_gmt":"2024-05-30T20:52:22","slug":"aquanick-by-nickelodeon","status":"publish","type":"product","link":"https:\/\/doitall.com.mx\/index.php\/product\/aquanick-by-nickelodeon\/","title":{"rendered":"Aquanick By Nickelodeon"},"content":{"rendered":"<p><em><strong>Aquanick By Nickelodeon<\/strong><\/em><br \/>\nBienvenido a Aqua Nick, un inmenso parque acu\u00e1tico de Nickelodeon\u2122<br \/>\nde 6 acres rodeado de exuberantes jardines tropicales, m\u00e1s de 500<br \/>\nmetros de r\u00edos lentos y de aventuras;<\/p>\n<p>Un programa de entretenimiento que mantendr\u00e1 a los hu\u00e9spedes sonriendo todo el d\u00eda.<\/p>\n<p>Alimentos y bebidas Gourmet Inclusive\u00ae que van desde platillos como poke bowls y pizzas, hasta comidas con personajes programadas con algunos de tus amigos Nickelodeon\u2122 favoritos.<\/p>\n<p>En cada rinc\u00f3n de Aqua Nick descubrir\u00e1s galones de diversi\u00f3n \u2014vive un splash de emociones en &#8220;Bikini Bottom Beach&#8221;, o una aventura acu\u00e1tica en la Alberca de Actividades y no dejes de buscar a los personajes de Nickelodeon que har\u00e1n apariciones sorpresa.<\/p>\n<p>\u00bfAhora s\u00ed est\u00e1n listos para ba\u00f1arse en Slime? \u00a1El &#8220;Team Nick&#8221; les har\u00e1 saber cu\u00e1ndo es momento para cumplir su sue\u00f1o!<\/p>\n<p>*\u00c1REAS ACU\u00c1TICAS &amp; ACTIVIDADES PISCINA DE ACTIVIDADES*<br \/>\nLa piscina para las actividades m\u00e1s audaces, ofrece actividades y experiencias programadas.<\/p>\n<p>*Las atracciones incluyen*<br \/>\n\u2705 Pelota de olas: Es una colorida pelota<br \/>\nque crea olas para disfrutar una<br \/>\nexperiencia similar a estar en el mar.<br \/>\n\u2705 Pared de escalada: sube a nuevas alturas<br \/>\ny aumenta tu fuerza.<br \/>\n\u2705 Sistema para caminar sobre agua: una<br \/>\nzona de juego que ayuda a los peque\u00f1os<br \/>\na desafiar el agua por medio de<br \/>\nalmohadillas flotantes.<\/p>\n<p>*PAQUETE 1*<br \/>\n*Aqua Nick Park Admission*<\/p>\n<p>*INCLUYE*<br \/>\n\u2705 Alimentos servidos en los quioscos<br \/>\nAqua Bite: Nuestros Aqua Bite sirven<br \/>\nlos mejores, hamburguesas, hot dogs<br \/>\nY poke bowls.<br \/>\n\u2705 Refrescos, agua, cerveza<br \/>\ny barra libre nacional.<br \/>\n\u2705 Toallas y camastros<br \/>\n\u2705 Entretenimiento<br \/>\n\u2705 Uso de instalaciones del Parque.<br \/>\n\u2705 R\u00edos, albercas, juegos y toboganes<br \/>\n\u2705 Se podr\u00e1n aplicar restricciones seg\u00fan<br \/>\nla estatura y\/o la edad en el uso de r\u00edos,<br \/>\nalbercas, juegos y toboganes<\/p>\n<p>*NO INCLUIDO*<br \/>\n\u2022 Bistro Restaurant Gourmet Food &amp; Beverage Display<\/p>\n<p>&nbsp;<\/p>\n<p>*PAQUETE 2*<br \/>\n*Aqua Nick Water Park + Nick Bistro \u2013 Gourmet*<br \/>\nGourmet Inclusive<\/p>\n<p>*INCLUIDO*<br \/>\n\u2705 Alimentos servidos en los quioscos<br \/>\nAqua Bite: Nuestros Aqua Bite sirven<br \/>\nlas mejores, hamburguesas, hot dogs,<br \/>\nY poke bowls.<br \/>\n\u2705 Refrescos, agua, cerveza y<br \/>\nbarra libre nacional.<br \/>\n\u2705 *NICK BISTRO \u2013 GOURMET INCLUSIVE*<br \/>\nAbierto de 12:40 a 04:30 ofrece<br \/>\nselecciones de comida Gourmet Inclusive<br \/>\n(food display) y barra libre premium.<br \/>\n\u2705 Toallas y camastros<br \/>\n\u2705 Entretenimiento<br \/>\n\u2705 Uso de instalaciones del Parque.<br \/>\n\u2705 R\u00edos, albercas, juegos y toboganes<\/p>\n<p>** NO INCLUIDO<br \/>\n\u2022 Lockers (Costo 5 Usd)<br \/>\n\u2022 Sliming personal (coste 40 Usd)<br \/>\nMax 4 personas<br \/>\n\u2022 Fotograf\u00edas<br \/>\n\u2022 Caba\u00f1as privadas<\/p>\n<p>** Estos servicios se pueden comprar con costo adicional.<\/p>\n<p>*RECOMENDACIONES*<br \/>\n\u2022 Traer tu comprobante de compra (impreso<br \/>\no digital y una identificaci\u00f3n con fotograf\u00eda)<br \/>\n\u2022 Usar bloqueador solar biodegradable<br \/>\n\u2022 Trae ropa c\u00f3moda, traje de ba\u00f1o y<br \/>\nuna muda extra de ropa<br \/>\n\u2022 Lleva efectivo o tarjeta para nuestros<br \/>\nINCRE\u00cdBLES SOUVENIRS<\/p>\n<p>*Contactanos para tu pr\u00f3xima experiencia*<\/p>\n<div class=\"ast-oembed-container \" style=\"height: 100%;\"><iframe title=\"Parque Aqua Nick Riviera Maya\" width=\"500\" height=\"281\" src=\"https:\/\/www.youtube.com\/embed\/m8J-e2KXNRI?feature=oembed\" frameborder=\"0\" allow=\"accelerometer; autoplay; clipboard-write; encrypted-media; gyroscope; picture-in-picture; web-share\" referrerpolicy=\"strict-origin-when-cross-origin\" allowfullscreen><\/iframe><\/div>\n","protected":false},"excerpt":{"rendered":"<p><em><strong>Aquanick By Nickelodeon<\/strong><\/em><br \/>\nBienvenido a Aqua Nick, un inmenso parque acu\u00e1tico de Nickelodeon\u2122<br \/>\nde 6 acres rodeado de exuberantes jardines tropicales, m\u00e1s de 500<br \/>\nmetros de r\u00edos lentos y de aventuras;<\/p>\n<p>Un programa de entretenimiento que mantendr\u00e1 a los hu\u00e9spedes sonriendo todo el d\u00eda.<\/p>\n<p>Alimentos y bebidas Gourmet Inclusive\u00ae que van desde platillos como poke bowls y pizzas, hasta comidas con personajes programadas con algunos de tus amigos Nickelodeon\u2122 favoritos.<\/p>\n","protected":false},"featured_media":3897,"comment_status":"open","ping_status":"closed","template":"","meta":{"_eb_attr":"","site-sidebar-layout":"default","site-content-layout":"","ast-site-content-layout":"default","site-content-style":"default","site-sidebar-style":"default","ast-global-header-display":"","ast-banner-title-visibility":"","ast-main-header-display":"","ast-hfb-above-header-display":"","ast-hfb-below-header-display":"","ast-hfb-mobile-header-display":"","site-post-title":"","ast-breadcrumbs-content":"","ast-featured-img":"","footer-sml-layout":"","ast-disable-related-posts":"","theme-transparent-header-meta":"default","adv-header-id-meta":"","stick-header-meta":"","header-above-stick-meta":"","header-main-stick-meta":"","header-below-stick-meta":"","astra-migrate-meta-layouts":"set","ast-page-background-enabled":"default","ast-page-background-meta":{"desktop":{"background-color":"var(--ast-global-color-4)","background-image":"","background-repeat":"repeat","background-position":"center center","background-size":"auto","background-attachment":"scroll","background-type":"","background-media":"","overlay-type":"","overlay-color":"","overlay-opacity":"","overlay-gradient":""},"tablet":{"background-color":"","background-image":"","background-repeat":"repeat","background-position":"center center","background-size":"auto","background-attachment":"scroll","background-type":"","background-media":"","overlay-type":"","overlay-color":"","overlay-opacity":"","overlay-gradient":""},"mobile":{"background-color":"","background-image":"","background-repeat":"repeat","background-position":"center center","background-size":"auto","background-attachment":"scroll","background-type":"","background-media":"","overlay-type":"","overlay-color":"","overlay-opacity":"","overlay-gradient":""}},"ast-content-background-meta":{"desktop":{"background-color":"var(--ast-global-color-5)","background-image":"","background-repeat":"repeat","background-position":"center center","background-size":"auto","background-attachment":"scroll","background-type":"","background-media":"","overlay-type":"","overlay-color":"","overlay-opacity":"","overlay-gradient":""},"tablet":{"background-color":"var(--ast-global-color-5)","background-image":"","background-repeat":"repeat","background-position":"center center","background-size":"auto","background-attachment":"scroll","background-type":"","background-media":"","overlay-type":"","overlay-color":"","overlay-opacity":"","overlay-gradient":""},"mobile":{"background-color":"var(--ast-global-color-5)","background-image":"","background-repeat":"repeat","background-position":"center center","background-size":"auto","background-attachment":"scroll","background-type":"","background-media":"","overlay-type":"","overlay-color":"","overlay-opacity":"","overlay-gradient":""}}},"product_brand":[],"product_cat":[31],"product_tag":[],"class_list":{"0":"post-3896","1":"product","2":"type-product","3":"status-publish","4":"has-post-thumbnail","6":"product_cat-acuatic-parks","7":"desktop-align-left","8":"tablet-align-left","9":"mobile-align-left","11":"first","12":"instock","13":"shipping-taxable","14":"product-type-simple"},"_links":{"self":[{"href":"https:\/\/doitall.com.mx\/index.php\/wp-json\/wp\/v2\/product\/3896","targetHints":{"allow":["GET"]}}],"collection":[{"href":"https:\/\/doitall.com.mx\/index.php\/wp-json\/wp\/v2\/product"}],"about":[{"href":"https:\/\/doitall.com.mx\/index.php\/wp-json\/wp\/v2\/types\/product"}],"replies":[{"embeddable":true,"href":"https:\/\/doitall.com.mx\/index.php\/wp-json\/wp\/v2\/comments?post=3896"}],"wp:featuredmedia":[{"embeddable":true,"href":"https:\/\/doitall.com.mx\/index.php\/wp-json\/wp\/v2\/media\/3897"}],"wp:attachment":[{"href":"https:\/\/doitall.com.mx\/index.php\/wp-json\/wp\/v2\/media?parent=3896"}],"wp:term":[{"taxonomy":"product_brand","embeddable":true,"href":"https:\/\/doitall.com.mx\/index.php\/wp-json\/wp\/v2\/product_brand?post=3896"},{"taxonomy":"product_cat","embeddable":true,"href":"https:\/\/doitall.com.mx\/index.php\/wp-json\/wp\/v2\/product_cat?post=3896"},{"taxonomy":"product_tag","embeddable":true,"href":"https:\/\/doitall.com.mx\/index.php\/wp-json\/wp\/v2\/product_tag?post=3896"}],"curies":[{"name":"wp","href":"https:\/\/api.w.org\/{rel}","templated":true}]}}