{"id":3881,"date":"2024-05-30T20:36:10","date_gmt":"2024-05-30T20:36:10","guid":{"rendered":"https:\/\/doitall.com.mx\/?post_type=product&#038;p=3881"},"modified":"2024-05-30T20:36:23","modified_gmt":"2024-05-30T20:36:23","slug":"mandala-beach-day","status":"publish","type":"product","link":"https:\/\/doitall.com.mx\/index.php\/product\/mandala-beach-day\/","title":{"rendered":"MANDALA BEACH DAY"},"content":{"rendered":"<p><em><strong>MANDALA BEACH DAY<\/strong><\/em><br \/>\nMXN\u00a01,000.00<br \/>\nAbierto: Todos los d\u00edas de 11 am a 5:30 pm<br \/>\nC\u00f3digo de vestimenta: Fiesta en la piscina \/ Atuendo informal<\/p>\n<p>M\u00fasica: EDM, Top 40, Pop<\/p>\n<p>Mandala Beach Canc\u00fan est\u00e1 listo para darte la bienvenida y brindarte esos memorables d\u00edas soleados en la mejor playa de Canc\u00fan. Piscinas, jacuzzi, bebidas refrescantes y un ambiente divertido y tropical.<\/p>\n<p>Ven a Mandala Beach Club para pasar un hermoso d\u00eda en una de las mejores playas.<\/p>\n<p>Disfruta tus vacaciones en el mejor club de playa de Canc\u00fan y vive una experiencia tropical, al ritmo de la mejor m\u00fasica, disfrutando de la mejor comida y bebidas del Caribe.<\/p>\n<p>&#8211; *Villas Zona Adultos*<br \/>\nPrecio Ken $25,000 mx (8 Pax)<br \/>\nPax Extra $3,125 mx (M\u00e1ximo 4)<\/p>\n<p>&#8211; *Villas Zona Adultos*<br \/>\nPrecio Barbie $20,000 mx (8 Pax)<br \/>\nPax Extra $2,500 mx (M\u00e1ximo 4)<\/p>\n<p>&#8211; *Camas A Zona Adultos*<br \/>\nPrecio Ken $20,000 mx (8 Pax)<\/p>\n<p>&#8211; *Camas A Zona Adultos*<br \/>\nPrecio Barbie $15,000 mx (8 Pax)<\/p>\n<p>&#8211; *Camas B Zona Adultos*<br \/>\nPrecio Ken $15,000 mx (6 Pax)<br \/>\nPax Extra $2,500 mx (M\u00e1ximo 2)<\/p>\n<p>&#8211; *Camas B Zona Adultos*<br \/>\nPrecio Barbie $12,000 mx (6 Pax)<br \/>\nPax Extra $2,000 mx (M\u00e1ximo 2)<\/p>\n<p>&#8211; *Cama Zona Familiar*<br \/>\nPrecio Barbie $5,000 mx (5 Pax)<\/p>\n<p>&#8211; *Camastro Zona Adultos*<br \/>\nPrecio Ken $1,500 mx Individual<\/p>\n<p>&#8211; *Camastro Zona Familiar*<br \/>\nPrecio Barbie $1,000 mx Individual<\/p>\n<p>&#8211; *Acceso General 20 USD*<\/p>\n<p>*Tarifas Barbies Solo Para Mujeres*<\/p>\n<p>*EL CHECK IN DEBE REALIZARSE ANTES DE LAS 12:00 hrs.*<\/p>\n<p>*RESERVA, OBTEN TU QR Y DISFRUTA*<\/p>\n","protected":false},"excerpt":{"rendered":"<p>MANDALA BEACH DAY<br \/>\nMXN\u00a01,000.00<br \/>\nAbierto: Todos los d\u00edas de 11 am a 5:30 pm<br \/>\nC\u00f3digo de vestimenta: Fiesta en la piscina \/ Atuendo informal<\/p>\n","protected":false},"featured_media":3882,"comment_status":"open","ping_status":"closed","template":"","meta":{"_eb_attr":"","site-sidebar-layout":"default","site-content-layout":"","ast-site-content-layout":"default","site-content-style":"default","site-sidebar-style":"default","ast-global-header-display":"","ast-banner-title-visibility":"","ast-main-header-display":"","ast-hfb-above-header-display":"","ast-hfb-below-header-display":"","ast-hfb-mobile-header-display":"","site-post-title":"","ast-breadcrumbs-content":"","ast-featured-img":"","footer-sml-layout":"","ast-disable-related-posts":"","theme-transparent-header-meta":"default","adv-header-id-meta":"","stick-header-meta":"","header-above-stick-meta":"","header-main-stick-meta":"","header-below-stick-meta":"","astra-migrate-meta-layouts":"set","ast-page-background-enabled":"default","ast-page-background-meta":{"desktop":{"background-color":"var(--ast-global-color-4)","background-image":"","background-repeat":"repeat","background-position":"center center","background-size":"auto","background-attachment":"scroll","background-type":"","background-media":"","overlay-type":"","overlay-color":"","overlay-opacity":"","overlay-gradient":""},"tablet":{"background-color":"","background-image":"","background-repeat":"repeat","background-position":"center center","background-size":"auto","background-attachment":"scroll","background-type":"","background-media":"","overlay-type":"","overlay-color":"","overlay-opacity":"","overlay-gradient":""},"mobile":{"background-color":"","background-image":"","background-repeat":"repeat","background-position":"center center","background-size":"auto","background-attachment":"scroll","background-type":"","background-media":"","overlay-type":"","overlay-color":"","overlay-opacity":"","overlay-gradient":""}},"ast-content-background-meta":{"desktop":{"background-color":"var(--ast-global-color-5)","background-image":"","background-repeat":"repeat","background-position":"center center","background-size":"auto","background-attachment":"scroll","background-type":"","background-media":"","overlay-type":"","overlay-color":"","overlay-opacity":"","overlay-gradient":""},"tablet":{"background-color":"var(--ast-global-color-5)","background-image":"","background-repeat":"repeat","background-position":"center center","background-size":"auto","background-attachment":"scroll","background-type":"","background-media":"","overlay-type":"","overlay-color":"","overlay-opacity":"","overlay-gradient":""},"mobile":{"background-color":"var(--ast-global-color-5)","background-image":"","background-repeat":"repeat","background-position":"center center","background-size":"auto","background-attachment":"scroll","background-type":"","background-media":"","overlay-type":"","overlay-color":"","overlay-opacity":"","overlay-gradient":""}}},"product_brand":[],"product_cat":[19],"product_tag":[],"class_list":{"0":"post-3881","1":"product","2":"type-product","3":"status-publish","4":"has-post-thumbnail","6":"product_cat-night-life","7":"desktop-align-left","8":"tablet-align-left","9":"mobile-align-left","11":"first","12":"instock","13":"shipping-taxable","14":"product-type-simple"},"_links":{"self":[{"href":"https:\/\/doitall.com.mx\/index.php\/wp-json\/wp\/v2\/product\/3881","targetHints":{"allow":["GET"]}}],"collection":[{"href":"https:\/\/doitall.com.mx\/index.php\/wp-json\/wp\/v2\/product"}],"about":[{"href":"https:\/\/doitall.com.mx\/index.php\/wp-json\/wp\/v2\/types\/product"}],"replies":[{"embeddable":true,"href":"https:\/\/doitall.com.mx\/index.php\/wp-json\/wp\/v2\/comments?post=3881"}],"wp:featuredmedia":[{"embeddable":true,"href":"https:\/\/doitall.com.mx\/index.php\/wp-json\/wp\/v2\/media\/3882"}],"wp:attachment":[{"href":"https:\/\/doitall.com.mx\/index.php\/wp-json\/wp\/v2\/media?parent=3881"}],"wp:term":[{"taxonomy":"product_brand","embeddable":true,"href":"https:\/\/doitall.com.mx\/index.php\/wp-json\/wp\/v2\/product_brand?post=3881"},{"taxonomy":"product_cat","embeddable":true,"href":"https:\/\/doitall.com.mx\/index.php\/wp-json\/wp\/v2\/product_cat?post=3881"},{"taxonomy":"product_tag","embeddable":true,"href":"https:\/\/doitall.com.mx\/index.php\/wp-json\/wp\/v2\/product_tag?post=3881"}],"curies":[{"name":"wp","href":"https:\/\/api.w.org\/{rel}","templated":true}]}}