{"id":3840,"date":"2024-05-29T17:00:10","date_gmt":"2024-05-29T17:00:10","guid":{"rendered":"https:\/\/doitall.com.mx\/?post_type=product&#038;p=3840"},"modified":"2024-05-29T17:00:29","modified_gmt":"2024-05-29T17:00:29","slug":"mandala-beach-night","status":"publish","type":"product","link":"https:\/\/doitall.com.mx\/index.php\/product\/mandala-beach-night\/","title":{"rendered":"MANDALA BEACH NIGHT"},"content":{"rendered":"<p><strong>MANDALA BEACH NIGHT<\/strong><br \/>\nMXN\u00a01,000.00<br \/>\nAbierto: Mi\u00e9rcoles por la noche desde las 10:00 p. m. hasta las 3:00 a. m.<br \/>\nM\u00fasica: House y top 40<br \/>\nC\u00f3digo de vestimenta: informal, \u00a1v\u00edstete para impresionar!<\/p>\n<p>\u00a1Cada noche de mi\u00e9rcoles, Mandala Beach Club ofrece la mejor pool party de Canc\u00fan! Prep\u00e1rate para una experiencia emocionante llena de energ\u00eda vibrante, ritmos palpitantes y el concurso de bikinis m\u00e1s sexy de la ciudad.<br \/>\nSum\u00e9rgete en el coraz\u00f3n de la acci\u00f3n mientras saboreas refrescantes c\u00f3cteles, bailas bajo las estrellas y disfrutas de la brisa del mar. Nuestros DJs de clase mundial te har\u00e1n bailar toda la noche mientras admiras a las deslumbrantes concursantes luciendo sus curvas en el candente concurso de bikinis. No te pierdas esta fiesta que combina m\u00fasica, belleza y un ambiente tropical. \u00a1Reserva tu lugar ahora y prep\u00e1rate para la pool party de los mi\u00e9rcoles en Mandala Beach Club Canc\u00fan!<\/p>\n<p>*Mesas y Servicio De Botellas*<\/p>\n<p>&#8211; *Blue*<br \/>\nPrecio $5,000 mx (5 Pax)<\/p>\n<p>&#8211; *Silver*<br \/>\nPrecio $7,500 mx (6 Pax)<\/p>\n<p>&#8211; *Gold*<br \/>\nPrecio $9,000 mx (6 Pax)<\/p>\n<p>&#8211; *Platinum*<br \/>\nPrecio $13,000 mx (6 Pax)<\/p>\n<p>&#8211; *Stage*<br \/>\nPrecio $18,000 mx (7 Pax)<\/p>\n<p>*Entradas Personales*<\/p>\n<p>&#8211; *Golden Pass*<br \/>\n$60 Usd Reembolso 50 en consumo<\/p>\n<p>&#8211; *Pass*<br \/>\n$40 Usd Reembolso 30 en consumo<\/p>\n<p>&#8211; *Ladies Night 2&#215;1*<br \/>\n$20 Usd (Solo Entrada)<\/p>\n<p>&#8211; *Access*<br \/>\n$20 Usd (Solo Entrada)<\/p>\n<p>&#8211; *Residentes Cancun*<br \/>\n$600 mx Reembolsables en consumo<\/p>\n<p>&nbsp;<\/p>\n<p>EL CHECK-IN DEBE REALIZARSE ANTES DE LAS 22:30<\/p>\n<p>*RESERVA, OBTEN TU QR Y DISFRUTA*<\/p>\n","protected":false},"excerpt":{"rendered":"<p><strong>MANDALA BEACH NIGHT<\/strong><br \/>\nMXN\u00a01,000.00<br \/>\nAbierto: Mi\u00e9rcoles por la noche desde las 10:00 p. m. hasta las 3:00 a. m.<br \/>\nM\u00fasica: House y top 40<br \/>\nC\u00f3digo de vestimenta: informal, \u00a1v\u00edstete para impresionar!<\/p>\n","protected":false},"featured_media":3841,"comment_status":"open","ping_status":"closed","template":"","meta":{"_eb_attr":"","site-sidebar-layout":"default","site-content-layout":"","ast-site-content-layout":"default","site-content-style":"default","site-sidebar-style":"default","ast-global-header-display":"","ast-banner-title-visibility":"","ast-main-header-display":"","ast-hfb-above-header-display":"","ast-hfb-below-header-display":"","ast-hfb-mobile-header-display":"","site-post-title":"","ast-breadcrumbs-content":"","ast-featured-img":"","footer-sml-layout":"","ast-disable-related-posts":"","theme-transparent-header-meta":"default","adv-header-id-meta":"","stick-header-meta":"","header-above-stick-meta":"","header-main-stick-meta":"","header-below-stick-meta":"","astra-migrate-meta-layouts":"set","ast-page-background-enabled":"default","ast-page-background-meta":{"desktop":{"background-color":"var(--ast-global-color-4)","background-image":"","background-repeat":"repeat","background-position":"center center","background-size":"auto","background-attachment":"scroll","background-type":"","background-media":"","overlay-type":"","overlay-color":"","overlay-opacity":"","overlay-gradient":""},"tablet":{"background-color":"","background-image":"","background-repeat":"repeat","background-position":"center center","background-size":"auto","background-attachment":"scroll","background-type":"","background-media":"","overlay-type":"","overlay-color":"","overlay-opacity":"","overlay-gradient":""},"mobile":{"background-color":"","background-image":"","background-repeat":"repeat","background-position":"center center","background-size":"auto","background-attachment":"scroll","background-type":"","background-media":"","overlay-type":"","overlay-color":"","overlay-opacity":"","overlay-gradient":""}},"ast-content-background-meta":{"desktop":{"background-color":"var(--ast-global-color-5)","background-image":"","background-repeat":"repeat","background-position":"center center","background-size":"auto","background-attachment":"scroll","background-type":"","background-media":"","overlay-type":"","overlay-color":"","overlay-opacity":"","overlay-gradient":""},"tablet":{"background-color":"var(--ast-global-color-5)","background-image":"","background-repeat":"repeat","background-position":"center center","background-size":"auto","background-attachment":"scroll","background-type":"","background-media":"","overlay-type":"","overlay-color":"","overlay-opacity":"","overlay-gradient":""},"mobile":{"background-color":"var(--ast-global-color-5)","background-image":"","background-repeat":"repeat","background-position":"center center","background-size":"auto","background-attachment":"scroll","background-type":"","background-media":"","overlay-type":"","overlay-color":"","overlay-opacity":"","overlay-gradient":""}}},"product_brand":[],"product_cat":[19],"product_tag":[],"class_list":{"0":"post-3840","1":"product","2":"type-product","3":"status-publish","4":"has-post-thumbnail","6":"product_cat-night-life","7":"desktop-align-left","8":"tablet-align-left","9":"mobile-align-left","11":"first","12":"instock","13":"shipping-taxable","14":"product-type-simple"},"_links":{"self":[{"href":"https:\/\/doitall.com.mx\/index.php\/wp-json\/wp\/v2\/product\/3840","targetHints":{"allow":["GET"]}}],"collection":[{"href":"https:\/\/doitall.com.mx\/index.php\/wp-json\/wp\/v2\/product"}],"about":[{"href":"https:\/\/doitall.com.mx\/index.php\/wp-json\/wp\/v2\/types\/product"}],"replies":[{"embeddable":true,"href":"https:\/\/doitall.com.mx\/index.php\/wp-json\/wp\/v2\/comments?post=3840"}],"wp:featuredmedia":[{"embeddable":true,"href":"https:\/\/doitall.com.mx\/index.php\/wp-json\/wp\/v2\/media\/3841"}],"wp:attachment":[{"href":"https:\/\/doitall.com.mx\/index.php\/wp-json\/wp\/v2\/media?parent=3840"}],"wp:term":[{"taxonomy":"product_brand","embeddable":true,"href":"https:\/\/doitall.com.mx\/index.php\/wp-json\/wp\/v2\/product_brand?post=3840"},{"taxonomy":"product_cat","embeddable":true,"href":"https:\/\/doitall.com.mx\/index.php\/wp-json\/wp\/v2\/product_cat?post=3840"},{"taxonomy":"product_tag","embeddable":true,"href":"https:\/\/doitall.com.mx\/index.php\/wp-json\/wp\/v2\/product_tag?post=3840"}],"curies":[{"name":"wp","href":"https:\/\/api.w.org\/{rel}","templated":true}]}}