{"id":3738,"date":"2024-05-28T17:13:59","date_gmt":"2024-05-28T17:13:59","guid":{"rendered":"https:\/\/doitall.com.mx\/?post_type=product&#038;p=3738"},"modified":"2024-05-28T17:14:14","modified_gmt":"2024-05-28T17:14:14","slug":"off-road","status":"publish","type":"product","link":"https:\/\/doitall.com.mx\/index.php\/product\/off-road\/","title":{"rendered":"OFF ROAD"},"content":{"rendered":"<p><em><strong>\u00a1\u00a1La perfecta cantidad de r\u00e1pido y furioso con una excesiva dosis de DIVERSION!!<\/strong><\/em><br \/>\nLa aventura comienza con un emocionante vuelo en las copas de los \u00e1rboles desliz\u00e1ndote hasta el coraz\u00f3n de la jungla en un inolvidable circuito de 10 tirolesas; en tu \u00faltimo cable tienes la opci\u00f3n de aterrizar o llegar empapado en el \u00a1AquaZip! Tu viaje sigue enfrentando la \u00fanica monta\u00f1a rusa humana: Tarzania; una atracci\u00f3n exclusiva de Selvatica que te lleva a trav\u00e9s de la jungla cargado de adrenalina. Luego, desaf\u00eda puentes colgantes, atr\u00e9vete a dar un salto de fe en el parachute jump para continuar en el circuito Offroad. Elige entre un potente ATV o un buggy Polaris RZR para maniobrar en curvas cerradas y r\u00e1pidos senderos en esta pista Mud-Madness !!!<br \/>\nEl gran final ser\u00e1 una gratificante zambullida en el refrescarte para\u00edso privado de nuestro hermoso cenote!<\/p>\n<p>*IMPORTANTE*<\/p>\n<p>Edad m\u00ednima para manejar 16 a\u00f1os e identificaci\u00f3n para validarla.<br \/>\nLa medida m\u00e1xima de cintura para tirolesas es de 47\u201d o 120 cm.<\/p>\n<p>*Off Road incluye:*<\/p>\n<p>*Transportaci\u00f3n<br \/>\n*Circuito de 10 l\u00edneas<br \/>\n*Aqua-zip \/ opcional en la \u00faltima l\u00ednea<br \/>\n*Tarzania (zipline coaster)<br \/>\n*Puentes colgantes<br \/>\n*Parachute jump<br \/>\n*Polaris RZR or ATV<br \/>\n*Nado en cenote natural<br \/>\n*Lunch ligero y aguas<\/p>\n<p>*NO OLVIDES*<\/p>\n<p>Traje de ba\u00f1o, ropa y zapatos c\u00f3modos, efectivo o tarjeta de cr\u00e9dito *Para tus* fotos, lockers, toallas, souvenirs, bebidas y propinas.<\/p>\n<p>*Edad m\u00ednima 8+<br \/>\n*Tour de medio d\u00eda<br \/>\n*Todo clima<\/p>\n<div class=\"ast-oembed-container \" style=\"height: 100%;\"><iframe title=\"\ud835\udde2\ud835\uddd9\ud835\uddd9 \ud835\udde5\ud835\udde2\ud835\uddd4\ud835\uddd7  Una aventura llena de adrenalina en la jungla maya  TE ATREVES?\" width=\"500\" height=\"281\" src=\"https:\/\/www.youtube.com\/embed\/rouod1LFW3I?feature=oembed\" frameborder=\"0\" allow=\"accelerometer; autoplay; clipboard-write; encrypted-media; gyroscope; picture-in-picture; web-share\" referrerpolicy=\"strict-origin-when-cross-origin\" allowfullscreen><\/iframe><\/div>\n","protected":false},"excerpt":{"rendered":"<p><em><strong>\u00a1\u00a1La perfecta cantidad de r\u00e1pido y furioso con una excesiva dosis de DIVERSION!!<\/strong><\/em><br \/>\nLa aventura comienza con un emocionante vuelo en las copas de los \u00e1rboles desliz\u00e1ndote hasta el coraz\u00f3n de la jungla en un inolvidable circuito de 10 tirolesas; en tu \u00faltimo cable tienes la opci\u00f3n de aterrizar o llegar empapado en el \u00a1AquaZip! Tu viaje sigue enfrentando la \u00fanica monta\u00f1a rusa humana: Tarzania; una atracci\u00f3n exclusiva de Selvatica que te lleva a trav\u00e9s de la jungla cargado de adrenalina. Luego, desaf\u00eda puentes colgantes, atr\u00e9vete a dar un salto de fe en el parachute jump para continuar en el circuito Offroad. Elige entre un potente ATV o un buggy Polaris RZR para maniobrar en curvas cerradas y r\u00e1pidos senderos en esta pista Mud-Madness !!!<br \/>\nEl gran final ser\u00e1 una gratificante zambullida en el refrescarte para\u00edso privado de nuestro hermoso cenote!<\/p>\n","protected":false},"featured_media":3739,"comment_status":"open","ping_status":"closed","template":"","meta":{"_eb_attr":"","site-sidebar-layout":"default","site-content-layout":"","ast-site-content-layout":"default","site-content-style":"default","site-sidebar-style":"default","ast-global-header-display":"","ast-banner-title-visibility":"","ast-main-header-display":"","ast-hfb-above-header-display":"","ast-hfb-below-header-display":"","ast-hfb-mobile-header-display":"","site-post-title":"","ast-breadcrumbs-content":"","ast-featured-img":"","footer-sml-layout":"","ast-disable-related-posts":"","theme-transparent-header-meta":"default","adv-header-id-meta":"","stick-header-meta":"","header-above-stick-meta":"","header-main-stick-meta":"","header-below-stick-meta":"","astra-migrate-meta-layouts":"set","ast-page-background-enabled":"default","ast-page-background-meta":{"desktop":{"background-color":"var(--ast-global-color-4)","background-image":"","background-repeat":"repeat","background-position":"center center","background-size":"auto","background-attachment":"scroll","background-type":"","background-media":"","overlay-type":"","overlay-color":"","overlay-opacity":"","overlay-gradient":""},"tablet":{"background-color":"","background-image":"","background-repeat":"repeat","background-position":"center center","background-size":"auto","background-attachment":"scroll","background-type":"","background-media":"","overlay-type":"","overlay-color":"","overlay-opacity":"","overlay-gradient":""},"mobile":{"background-color":"","background-image":"","background-repeat":"repeat","background-position":"center center","background-size":"auto","background-attachment":"scroll","background-type":"","background-media":"","overlay-type":"","overlay-color":"","overlay-opacity":"","overlay-gradient":""}},"ast-content-background-meta":{"desktop":{"background-color":"var(--ast-global-color-5)","background-image":"","background-repeat":"repeat","background-position":"center center","background-size":"auto","background-attachment":"scroll","background-type":"","background-media":"","overlay-type":"","overlay-color":"","overlay-opacity":"","overlay-gradient":""},"tablet":{"background-color":"var(--ast-global-color-5)","background-image":"","background-repeat":"repeat","background-position":"center center","background-size":"auto","background-attachment":"scroll","background-type":"","background-media":"","overlay-type":"","overlay-color":"","overlay-opacity":"","overlay-gradient":""},"mobile":{"background-color":"var(--ast-global-color-5)","background-image":"","background-repeat":"repeat","background-position":"center center","background-size":"auto","background-attachment":"scroll","background-type":"","background-media":"","overlay-type":"","overlay-color":"","overlay-opacity":"","overlay-gradient":""}}},"product_brand":[],"product_cat":[25],"product_tag":[],"class_list":{"0":"post-3738","1":"product","2":"type-product","3":"status-publish","4":"has-post-thumbnail","6":"product_cat-adventure","7":"desktop-align-left","8":"tablet-align-left","9":"mobile-align-left","11":"first","12":"instock","13":"shipping-taxable","14":"product-type-simple"},"_links":{"self":[{"href":"https:\/\/doitall.com.mx\/index.php\/wp-json\/wp\/v2\/product\/3738","targetHints":{"allow":["GET"]}}],"collection":[{"href":"https:\/\/doitall.com.mx\/index.php\/wp-json\/wp\/v2\/product"}],"about":[{"href":"https:\/\/doitall.com.mx\/index.php\/wp-json\/wp\/v2\/types\/product"}],"replies":[{"embeddable":true,"href":"https:\/\/doitall.com.mx\/index.php\/wp-json\/wp\/v2\/comments?post=3738"}],"wp:featuredmedia":[{"embeddable":true,"href":"https:\/\/doitall.com.mx\/index.php\/wp-json\/wp\/v2\/media\/3739"}],"wp:attachment":[{"href":"https:\/\/doitall.com.mx\/index.php\/wp-json\/wp\/v2\/media?parent=3738"}],"wp:term":[{"taxonomy":"product_brand","embeddable":true,"href":"https:\/\/doitall.com.mx\/index.php\/wp-json\/wp\/v2\/product_brand?post=3738"},{"taxonomy":"product_cat","embeddable":true,"href":"https:\/\/doitall.com.mx\/index.php\/wp-json\/wp\/v2\/product_cat?post=3738"},{"taxonomy":"product_tag","embeddable":true,"href":"https:\/\/doitall.com.mx\/index.php\/wp-json\/wp\/v2\/product_tag?post=3738"}],"curies":[{"name":"wp","href":"https:\/\/api.w.org\/{rel}","templated":true}]}}