{"id":3441,"date":"2024-04-24T23:23:50","date_gmt":"2024-04-24T23:23:50","guid":{"rendered":"https:\/\/doitall.com.mx\/?post_type=product&#038;p=3441"},"modified":"2024-05-19T19:44:51","modified_gmt":"2024-05-19T19:44:51","slug":"mandala-beach-dia","status":"publish","type":"product","link":"https:\/\/doitall.com.mx\/index.php\/product\/mandala-beach-dia\/","title":{"rendered":"MANDALA BEACH DAY"},"content":{"rendered":"<p>Open:\u00a0Daily from 11 a.m. to 5:30 p.m.<\/p>\n<p>Dress Code:\u00a0Pool Party\/Casual Attire<\/p>\n<p>Music:\u00a0EDM, Top 40, Pop<\/p>\n<p>&nbsp;<\/p>\n<p>Mandala Beach Cancun is ready to welcome you and give you those memorable sunny days on the best beach in Cancun. Pools, jacuzzi, refreshing drinks and a fun, tropical atmosphere.<\/p>\n<p>&nbsp;<\/p>\n<p>Come to Mandala Beach Club to spend a beautiful day on one of the best beaches.<\/p>\n<p>&nbsp;<\/p>\n<p>Enjoy your vacation at the best beach club in Cancun and live a tropical experience, to the rhythm of the best music, enjoying the best food and drinks in the Caribbean.<\/p>\n<p>&nbsp;<\/p>\n<p>&nbsp;<\/p>\n<p>&nbsp;<\/p>\n<p>&#8211; Adult Zone Villas<\/p>\n<p>Ken Price $25,000 mx (8 Pax)<\/p>\n<p>Extra Pax $3,125 mx (Maximum 4)<\/p>\n<p>&nbsp;<\/p>\n<p>&#8211; Adult Zone Villas<\/p>\n<p>Barbie Price $20,000 mx (8 Pax)<\/p>\n<p>Extra Pax $2,500 mx (Maximum 4)<\/p>\n<p>&nbsp;<\/p>\n<p>&#8211; Beds In Adult Area<\/p>\n<p>Ken Price $20,000 mx (8 Pax)<\/p>\n<p>&nbsp;<\/p>\n<p>&#8211; Beds In Adult Area<\/p>\n<p>Barbie Price $15,000 mx (8 Pax)<\/p>\n<p>&nbsp;<\/p>\n<p>&#8211; Beds B Adult Zone<\/p>\n<p>Ken Price $15,000 mx (6 Pax)<\/p>\n<p>Extra Pax $2,500 mx (Maximum 2)<\/p>\n<p>&nbsp;<\/p>\n<p>&#8211; Beds B Adult Zone<\/p>\n<p>Barbie Price $12,000 mx (6 Pax)<\/p>\n<p>Extra Pax $2,000 mx (Maximum 2)<\/p>\n<p>&nbsp;<\/p>\n<p>&#8211; Family Zone Bed<\/p>\n<p>Barbie Price $5,000 mx (5 Pax)<\/p>\n<p>&nbsp;<\/p>\n<p>&#8211; Adult Zone Chaise Lounge<\/p>\n<p>Ken Price $1,500 mx Individual<\/p>\n<p>&nbsp;<\/p>\n<p>&#8211; Family Zone Lounger<\/p>\n<p>Barbie Price $1,000 mx Individual<\/p>\n<p>&#8211; General Access 20 USD<\/p>\n<p>&nbsp;<\/p>\n<p>Barbie Prices Only for Women<\/p>\n<p>&nbsp;<\/p>\n<p>CHECK IN MUST BE DONE BEFORE 12:00 hrs.<\/p>\n<p>&nbsp;<\/p>\n<p>BOOK, GET YOUR QR AND ENJOY<\/p>\n","protected":false},"excerpt":{"rendered":"<p>Abierto:\u00a0<strong>Todos los d\u00edas de <em>11 am a 5:30 pm<\/em><\/strong><\/p>\n<p>C\u00f3digo de vestimenta:\u00a0<strong>Fiesta en la piscina \/ Atuendo informal<br \/>\n<\/strong><\/p>\n<p>M\u00fasica:\u00a0<em><strong>EDM, Top 40, Pop<\/strong><\/em><\/p>\n<p>Mandala Beach Canc\u00fan est\u00e1 listo para darte la bienvenida y brindarte esos memorables d\u00edas soleados en la mejor playa de Canc\u00fan. Piscinas, jacuzzi, bebidas refrescantes y un ambiente divertido y tropical.<\/p>\n<p><strong>Ven a Mandala Beach Club para pasar un hermoso d\u00eda en una de las mejores playas.<br \/>\n<\/strong>Disfruta tus vacaciones en el mejor club de playa de Canc\u00fan y vive una experiencia tropical, al ritmo de la mejor m\u00fasica, disfrutando de la mejor comida y bebidas del Caribe.<\/p>\n<p><strong>\u00a0<\/strong><\/p>\n","protected":false},"featured_media":3442,"comment_status":"open","ping_status":"closed","template":"","meta":{"_eb_attr":"","site-sidebar-layout":"default","site-content-layout":"default","ast-site-content-layout":"default","site-content-style":"default","site-sidebar-style":"default","ast-global-header-display":"","ast-banner-title-visibility":"","ast-main-header-display":"","ast-hfb-above-header-display":"","ast-hfb-below-header-display":"","ast-hfb-mobile-header-display":"","site-post-title":"","ast-breadcrumbs-content":"","ast-featured-img":"","footer-sml-layout":"","ast-disable-related-posts":"","theme-transparent-header-meta":"default","adv-header-id-meta":"","stick-header-meta":"","header-above-stick-meta":"","header-main-stick-meta":"","header-below-stick-meta":"","astra-migrate-meta-layouts":"set","ast-page-background-enabled":"default","ast-page-background-meta":{"desktop":{"background-color":"var(--ast-global-color-4)","background-image":"","background-repeat":"repeat","background-position":"center center","background-size":"auto","background-attachment":"scroll","background-type":"","background-media":"","overlay-type":"","overlay-color":"","overlay-opacity":"","overlay-gradient":""},"tablet":{"background-color":"","background-image":"","background-repeat":"repeat","background-position":"center center","background-size":"auto","background-attachment":"scroll","background-type":"","background-media":"","overlay-type":"","overlay-color":"","overlay-opacity":"","overlay-gradient":""},"mobile":{"background-color":"","background-image":"","background-repeat":"repeat","background-position":"center center","background-size":"auto","background-attachment":"scroll","background-type":"","background-media":"","overlay-type":"","overlay-color":"","overlay-opacity":"","overlay-gradient":""}},"ast-content-background-meta":{"desktop":{"background-color":"var(--ast-global-color-5)","background-image":"","background-repeat":"repeat","background-position":"center center","background-size":"auto","background-attachment":"scroll","background-type":"","background-media":"","overlay-type":"","overlay-color":"","overlay-opacity":"","overlay-gradient":""},"tablet":{"background-color":"var(--ast-global-color-5)","background-image":"","background-repeat":"repeat","background-position":"center center","background-size":"auto","background-attachment":"scroll","background-type":"","background-media":"","overlay-type":"","overlay-color":"","overlay-opacity":"","overlay-gradient":""},"mobile":{"background-color":"var(--ast-global-color-5)","background-image":"","background-repeat":"repeat","background-position":"center center","background-size":"auto","background-attachment":"scroll","background-type":"","background-media":"","overlay-type":"","overlay-color":"","overlay-opacity":"","overlay-gradient":""}}},"product_brand":[],"product_cat":[40,37,34],"product_tag":[],"class_list":{"0":"post-3441","1":"product","2":"type-product","3":"status-publish","4":"has-post-thumbnail","6":"product_cat-beach-clubs","7":"product_cat-fiesta","8":"product_cat-party","9":"desktop-align-left","10":"tablet-align-left","11":"mobile-align-left","13":"first","14":"instock","15":"featured","16":"shipping-taxable","17":"product-type-external"},"_links":{"self":[{"href":"https:\/\/doitall.com.mx\/index.php\/wp-json\/wp\/v2\/product\/3441","targetHints":{"allow":["GET"]}}],"collection":[{"href":"https:\/\/doitall.com.mx\/index.php\/wp-json\/wp\/v2\/product"}],"about":[{"href":"https:\/\/doitall.com.mx\/index.php\/wp-json\/wp\/v2\/types\/product"}],"replies":[{"embeddable":true,"href":"https:\/\/doitall.com.mx\/index.php\/wp-json\/wp\/v2\/comments?post=3441"}],"wp:featuredmedia":[{"embeddable":true,"href":"https:\/\/doitall.com.mx\/index.php\/wp-json\/wp\/v2\/media\/3442"}],"wp:attachment":[{"href":"https:\/\/doitall.com.mx\/index.php\/wp-json\/wp\/v2\/media?parent=3441"}],"wp:term":[{"taxonomy":"product_brand","embeddable":true,"href":"https:\/\/doitall.com.mx\/index.php\/wp-json\/wp\/v2\/product_brand?post=3441"},{"taxonomy":"product_cat","embeddable":true,"href":"https:\/\/doitall.com.mx\/index.php\/wp-json\/wp\/v2\/product_cat?post=3441"},{"taxonomy":"product_tag","embeddable":true,"href":"https:\/\/doitall.com.mx\/index.php\/wp-json\/wp\/v2\/product_tag?post=3441"}],"curies":[{"name":"wp","href":"https:\/\/api.w.org\/{rel}","templated":true}]}}